Let c(x) be the third derivative of -x**4/24 - x**3/6 - x**2. Let f be (-7)/(-4) + (-2)/(-8). Let s be 2/4*(-2 + f). What is c(s)?
-1
Let u(d) = d**2 - 5*d - 4. Let k be ((-6)/(-9))/((-2)/(-15)). Give u(k).
-4
Let x(r) = 2*r - 1 - r - 5*r**2 - r**3 - 4*r. Calculate x(-5).
14
Suppose 3*x + 7 = 4*x. Suppose 23 = 4*q + x. Suppose 3*t + 5*s = -5, -12 = -q*t - 0*s - 2*s. Let b(d) = -d. Determine b(t).
-5
Let r(v) = -v**2 + 5*v - 3. Let g be r(3). Let b(y) = -3*y**g + y**3 + y + 3*y**3 + 1 + y**2. Calculate b(-2).
-5
Let l(w) = 9*w + 3. Let m(r) = 5*r + 2. Let q(u) = 4*l(u) - 7*m(u). Let b = 1 - 1. What is q(b)?
-2
Let g(m) = -m**3 + 7*m**2 - 7*m - 7. Let y be (-2)/5 - 910/(-25). Let h be y/(-24)*8/(-2). Determine g(h).
-13
Suppose -8 + 0 = 2*i. Let z(u) be the second derivative of 0*u**2 + u + 0 + 1/6*u**3. Give z(i).
-4
Let s(r) = -5*r**2 - 7*r - 11. Let g be (-14)/3 + 4/6. Let b(z) = z**2 + 1. Let u(f) = g*b(f) - s(f). Determine u(-5).
-3
Let m(p) be the first derivative of -1/2*p**2 - 4*p - p**3 - 2 - 1/4*p**4. Determine m(-3).
-1
Suppose 2*y - 4*y = 3*r - 4, 4 = -2*r. Let a(p) = y - 6 + 2*p + 5. Suppose 0 = 5*i - 5*j - 3 + 8, -5*j - 5 = -3*i. Calculate a(i).
-6
Let i(h) = h**2 - 6*h + 2. Let u be i(6). Let l(j) = -3*j**2 + 3*j + u*j + 4*j**2 - 3*j. Give l(-3).
3
Let b = -5 + 10. Let a(o) = 1 + 4*o - b - 5*o. Suppose 0 = 3*u - 6 + 18. What is a(u)?
0
Let l(q) = -q**2 - 6 - q**3 + 3*q**2 + 6*q + q**2. Let t be l(4). Let z(m) be the second derivative of -m**4/6 + m**3/6 - m**2/2 + 2*m. What is z(t)?
-7
Suppose -6*b + 8*b - 10 = 0. Let s(y) = y + 3. Give s(b).
8
Let n(f) be the second derivative of -f**4/12 + f**3/6 - f**2 - 8*f. What is n(0)?
-2
Let l(o) = -o**3 - 2*o**2 - 2*o - 2. Let j(c) = c**3 - c**2 - 5*c + 4. Let p be j(3). Let t(z) = -z + 9. Let q be t(p). Suppose q*d - 4*d = 4. What is l(d)?
2
Let f(o) be the first derivative of -o**6/360 + o**5/30 - o**4/12 - 2*o**3/3 + 1. Let t(u) be the third derivative of f(u). Calculate t(5).
-7
Let t be 29/5 + 3/15. Suppose t*s = 3*s + 12. Suppose 0 = -s*y - x, -x = 5*y + 3*x. Let d(a) = a + 6. Give d(y).
6
Let g be (3/9 - 1)*9. Let t(z) = 2*z**2 - 9*z + 1. Let m(c) = -c**2 + 8*c - 1. Let q(h) = 3*m(h) + 2*t(h). What is q(g)?
-1
Let a(h) = 2*h**2 - 2*h - 3. Let p be (6/10)/(2/10). Give a(p).
9
Let d(u) = -3*u - 4. Let r(f) = -16*f - 21. Let i(g) = -11*d(g) + 2*r(g). Determine i(6).
8
Let h(b) = -13*b**2 + 8*b + 13. Let o(a) = 7*a**2 - 4*a - 7. Let g(i) = -6*h(i) - 11*o(i). Determine g(3).
-4
Let t(d) = 4*d**3 - 2*d + 1. Let k(v) = 9*v**3 - 4*v + 2. Let y(a) = -2*k(a) + 5*t(a). Let l(c) = -2*c**2 - c. Let s be l(-2). Let g = -5 - s. What is y(g)?
1
Let r = 14 - 25. Let z = -6 - r. Let u(y) = -3*y**2 - y - z + 0*y**3 + 8*y**2 - y**3. Give u(4).
7
Suppose 3 + 31 = -3*w - 4*o, 3*o + 42 = -5*w. Let d(g) = -g - 11. What is d(w)?
-5
Let t = -2 - -8. Suppose -3 = t*f - 7*f. Let s(z) = z**2 - 4*z + 2. Give s(f).
-1
Suppose 0*j = -4*j. Let o = 2 + j. Let f(q) = -2 - o*q**2 + 1 + q**2 - q. Calculate f(0).
-1
Let z(k) be the third derivative of -1/24*k**4 + 0 - 1/60*k**5 + 0*k - 3*k**2 + 1/2*k**3. Let h(d) = d**2. Let l be h(0). Determine z(l).
3
Let z be 4/(-22) + 105/33. Suppose 3*h - 7 = -1. Let p(q) = 4*q**3 - 3*q**3 + 4*q - h*q**2 - 2*q**2 - 3. Determine p(z).
0
Let o(k) = k - 2. Let n(b) = b**2 + 8*b - 4. Let z be n(-9). Let u = 8 - z. Determine o(u).
1
Let w = -6 + 1. Let q(p) = 2*p - 2. Let l(s) = -2*s + 2. Let r(y) = w*l(y) - 6*q(y). Determine r(-5).
12
Let k(p) = -3*p + 1. Let t(h) = h**3 - 4*h**2 - 1. Let l(w) = w**3 + 5*w**2 + 3*w + 5. Let s be l(-4). Let v = -5 + s. Let q be t(v). What is k(q)?
4
Let u(c) = c + 4. Let o be (-2 + 4 + -2)*1. Determine u(o).
4
Let r(j) = 2 + 5*j + 1 + 4 - 6. Determine r(1).
6
Let o be (-2 + 5)*2/6. Let y(u) = -u**2. What is y(o)?
-1
Let p(c) = c**2 - 2*c. Let y be p(2). Let t = 0 - 0. Let w(b) = t - 5 + b + 2. Determine w(y).
-3
Let s(t) = -t + 1 - 2*t**2 - 1 + 3*t**2. Let i be s(0). Let y(m) = m + 7. Determine y(i).
7
Let p = -11 - -18. Let x = -2 + p. Let y(g) = -g**3 + 4*g**2 + 5*g + 5. Give y(x).
5
Let n(v) = -v + 1 - 1 - 1. Suppose -4*g - 1 + 5 = 0. Give n(g).
-2
Let h(n) = n**2 - 3*n - 10. Let g(q) = -q**2 + 3*q + 11. Let y(o) = -4*g(o) - 5*h(o). Let f be (-3)/(24/10)*-4. Calculate y(f).
-4
Let c(a) be the third derivative of -a**6/120 + a**5/10 - a**4/6 - 5*a**3/6 + 2*a**2. Suppose 4*k + 2*f - 30 = 0, -f + 0*f + 25 = 4*k. What is c(k)?
0
Let m(k) = -k + 4. Let q = -1 + 1. Suppose q = -3*y + 3 + 9. Calculate m(y).
0
Let z be (-400)/32*6/(-5). Let c(b) = 17 + 5*b - 4*b + 2*b - z. Calculate c(-5).
-13
Suppose -250 = -4*g - 34. Let o be g/(-21) - (-6)/(-14). Let w(d) = -2*d - 3. Calculate w(o).
3
Let w = 13/3 - 4. Let x(s) be the first derivative of -s - 2*s**2 - 1 + w*s**3. What is x(5)?
4
Let j = 6 + -5. Let o(t) = -4 + j - 8*t**2 + 0 + 3*t**3. Let x(h) = h**3 - h**2 - 1. Let y(i) = o(i) - 5*x(i). What is y(-2)?
6
Suppose -2*f = 4*v - 11 - 1, -5*v = 4*f - 18. Let d(z) be the second derivative of -2*z**3/3 + z**2/2 + z. What is d(v)?
-7
Let r(n) = -n**3 + 9*n**2 + 3*n - 7. Let g(q) = -6*q**3 + 46*q**2 + 14*q - 35. Let c(m) = 2*g(m) - 11*r(m). What is c(-6)?
1
Let a(d) = -d**2 - 3*d. Suppose -4*c + 16 = -0*c. Suppose -v + 0 = -c. Suppose 2*u + v = u. Give a(u).
-4
Let q(n) = n**2 - 4*n + 6. Suppose -5*d - 1 = -21. What is q(d)?
6
Let w(x) be the third derivative of x**6/120 - x**3/6 + 35*x**2. What is w(2)?
7
Let h(x) = -42*x**2 + 0*x - 5 + 8 - 4*x + 41*x**2. Give h(-4).
3
Let k(x) = x**2 + 10*x + 4. Let s be (108/24)/(1/(-2)). Determine k(s).
-5
Let s(f) = f + 8. Suppose -6*t + 5*t = 5. What is s(t)?
3
Let f(j) = j + 4. Let x be f(-10). Let z(s) = 2*s**3 - 2*s**2 + 13*s - 8. Let c(d) = -d**3 + d**2 - 7*d + 4. Let a(m) = x*z(m) - 11*c(m). Give a(0).
4
Let k(b) = b + 5. Suppose 0 = -5*c - 25, 3*n - 15 = -0*c + 3*c. Suppose n = 7*z - 0*z. Calculate k(z).
5
Suppose -a - 2*a = 21. Let j(f) = 2*f + 5. What is j(a)?
-9
Let v(s) = 4*s + 2*s**2 + 4 - 5 - 2*s. Let y = -36 + 37. Give v(y).
3
Suppose -2*w - 7 - 1 = 0. Let a be 300/78 - w/26. Let z(v) = -2 - v + 0 + a + v**2. Give z(2).
4
Let m(c) = -c**3 + 3*c**2 - 2*c + 1. Let a be (10/(-4))/5*-10. Let d = a + -7. Let k be -2*3*d/6. Calculate m(k).
1
Let q(t) = t**3 + 6*t**2 + 5*t - 3. Suppose 5*i + 16 = -4. Determine q(i).
9
Let o(f) = f**2 - 4*f - 3. Let y(m) = m - 7. Let p be y(10). Suppose -2*n - t + 8 = 0, p*n - 23 = 2*t + 2*t. Give o(n).
2
Let o(j) = j**2 + 3*j + 3. Let g be -8*1*(-2)/4. Let v be (-2)/(-3 + 1) - g. Let x = v + -1. What is o(x)?
7
Let x(b) = 19 - 4*b**3 - b + 3*b**3 + 0*b + 2. Give x(0).
21
Let l(b) be the second derivative of -b**5/20 - b**4/3 + b**3 + 3*b**2/2 + 18*b. Give l(-5).
-2
Let c(n) be the first derivative of n**2/2 + 4*n - 11. Suppose -h = h. Calculate c(h).
4
Let k(f) be the third derivative of -f**7/5040 + f**6/180 + f**5/20 + 2*f**2. Let y(d) be the third derivative of k(d). Calculate y(3).
1
Let k = 9 - 5. Let h(v) = v**3 - 3*v**2 - 2*v - 3. What is h(k)?
5
Let g(h) = h**2 + 5*h - 5. Let j be g(-5). Suppose -4*q = q - a - 25, -a + 10 = 2*q. Let s(f) = 34*f + q - 19*f - 14*f. What is s(j)?
0
Let m(j) = j**2 - 3*j - 57 + 2*j + 49. Let l(d) = d - 6. Let k be l(6). What is m(k)?
-8
Let q(m) be the second derivative of m**4/12 - m**3/2 + 2*m**2 - 2*m. Suppose 372 = l + 369. What is q(l)?
4
Let r(d) be the first derivative of d**4/24 + d**3/2 + 4*d**2 + 7. Let h(c) be the second derivative of r(c). Give h(-5).
-2
Let x = 40 + -40. Let b(h) = -h**3 + h**2 - h + 2. What is b(x)?
2
Let i(o) be the third derivative of 4*o**2 + 0*o**3 + 0*o + 1/60*o**5 + 1/12*o**4 + 0. Determine i(-4).
8
Let w(j) = -3*j**2 - j. Suppose -5*d = x - 6, 4 = d + 6*x - 3*x. Calculate w(d).
-4
Let p(c) = -5*c + 3 - 2 + 2 - 2*c**2. Let w = -10 + 6. What is p(w)?
-9
Suppose -15 = -3*d - 6. Let r(n) be the second derivative of 1/6*n**d + n + 0 + n**2. Determine r(-4).
-2
Suppose -5*h + 15 = 0, n + n = h - 13. Let p(v) = -v**3 - 6*v**2 - 5*v + 6. What is p(n)?
6
Suppose -3*j + 15 = -8*j. Let k(h) = 9 - 12 - h**3 - 2*h**2 + 5 + 5*h. Give k(j).
-4
Let j(v) = v + 2. Let n be j(-8). Let r(l) = -l - 3. Calculate r(n).
3
Let x(i) = -3*i**2 + 2*i - 3*i + 10*i**2 - 1. Let d = -3 + 2. Give x(d).
7
Let x = -6 - -3. Let b(y) = 2*y**